 Calculate the highest common divisor of 70 and f.
10
Let f be (-208)/(-39)*(-3)/2. Let p be ((-18)/(-36))/(2 - (-14)/f). Calculate the greatest common divisor of p and 1.
1
Let q be (-2)/(-5) + (-5)/(225/(-2232)). Let o be ((-16)/(-6))/(-2)*(-63)/42. Calculate the highest common divisor of q and o.
2
Suppose 3153*u - 3140*u - 5996 = 10657. Calculate the greatest common divisor of u and 28.
7
Suppose 892 - 86 = 13*i. Suppose -v - 4*c + 2*c = -17, 4*v + 5*c - i = 0. Let z = v + 6. Calculate the highest common factor of z and 95.
19
Suppose 129*p = -11*p + 24070 - 6150. Calculate the highest common divisor of 18496 and p.
64
Suppose -3*r + 2*f = -18, -4*f - 2 - 30 = -5*r. Suppose -12*c + 5472 = r*c. Calculate the highest common factor of 38 and c.
38
Suppose 1679 = 42*h + 965. Calculate the greatest common divisor of h and 2.
1
Let r(o) = -o**3 - 18*o**2 - 15*o + 34. Let a be r(-17). Suppose -22*s + 1710 + 468 = a. Calculate the greatest common divisor of s and 81.
9
Let g = 2 + 7. Suppose 0 = -0*b + 4*b - 24. Suppose b*z - 11*z + 495 = 0. What is the highest common factor of z and g?
9
Let a(b) = 2*b + 398. Let f be a(-67). What is the greatest common factor of f and 33?
33
Let g be 366/3 - (18 - 80/5). Calculate the greatest common divisor of 1176 and g.
24
Suppose -5*i - 4*g = -488, -3*i - 5*g + 292 = -3*g. Suppose -8*j = -11*j + i. What is the highest common factor of j and 24?
8
Let o be (-35 - 0)*(-144)/112*7. Calculate the greatest common divisor of 20790 and o.
315
Let m be (-16)/(-4) + (-2 - 868/4). Let b = 275 + m. What is the highest common divisor of b and 40?
20
Suppose 75 = -z - o - 83, -9 = -3*o. Let w = z + 169. Calculate the highest common divisor of w and 1.
1
Let d = -428 - -448. Let n(c) = -94*c - 10. Let i be n(-5). What is the highest common factor of d and i?
20
Let d be -3 - (-3)/(15/775). Let g = 135 + -101. Suppose k - 3*u = 5*k - 91, -k - 3*u = -g. What is the highest common factor of k and d?
19
Let l = 4231 + -781. Calculate the highest common factor of l and 138.
138
Let r be (114/(-7))/((-171)/98154). What is the greatest common factor of r and 38?
38
Let p(v) = v**3 + 15*v**2 + 3*v + 49. Suppose -3*k - 53 = 4*w, 3*k = -2*k + 3*w - 69. Let g be p(k). Calculate the highest common divisor of g and 44.
4
Let t(h) = h**2 + 34*h + 84. Suppose -2*k - 5*z - 84 = -0*k, -4*k - 2*z - 136 = 0. Let v be t(k). What is the greatest common factor of 155 and v?
5
Suppose -155*s = -179*s + 1392. What is the greatest common divisor of s and 6032?
58
Suppose 2927*a = 2921*a + 426. Calculate the highest common factor of a and 2201.
71
Let h be (-20 - -17) + 9*1. Suppose 0 = -t - h + 10. Suppose 0 = -t*v - 4, -7*d + 21 = -4*d + 3*v. What is the highest common factor of d and 2?
2
Let s(c) = -c + 15. Suppose -4*d + 7*v = 2*v - 22, -v + 1 = d. Let k be s(d). Calculate the greatest common divisor of 24 and k.
12
Suppose 35 = 9*j - 1. Suppose 2*c + j*o = 18, 2*c = 3*c + 4*o - 9. Suppose -3*q + 72 = q. What is the highest common divisor of c and q?
9
Suppose 21202 = 47*l + 35074 - 92080. Calculate the highest common divisor of l and 260.
52
Let c(w) = -8*w + 4. Let a be c(-6). Let h be (-8)/((28/18)/(-7)) - 10. What is the highest common factor of a and h?
26
Suppose 0 = -28*g + 24*g. Suppose g = -23*x + 892 - 225. Calculate the greatest common divisor of x and 29.
29
Suppose -4*d = -2*d - 80. Let v = d + -19. Suppose -u = -2*t + 81 + 85, -t - 2*u = -88. What is the highest common divisor of t and v?
21
Let o = 19803 - 18623. Calculate the greatest common factor of 20 and o.
20
Let u = 103 + -85. Let k be (u*2/16)/((-2)/(-16)). What is the highest common divisor of k and 96?
6
Let d be (-318)/53 - (-44 + -1). Calculate the highest common factor of 78 and d.
39
Suppose -5*q + 270 = 5*n, 8*q - 4*q + n = 231. Let g = 141 - q. What is the highest common divisor of g and 41?
41
Let s(b) = -b**3 + 10*b**2 - 8*b + 1. Let c be s(9). Let g be (5/(-2))/((-1)/c). Suppose 9*p = 2*p + 35. What is the greatest common divisor of g and p?
5
Suppose 3*a = -11*n + 7*n + 90, 9*n - a = 249. Calculate the greatest common factor of n and 282.
3
Let l(t) = -t - 4. Let h be l(6). Let b be ((-45)/h)/((-12)/(-80)). Suppose -2*k = -w + 5 + 7, 3*w = 3*k + b. Calculate the greatest common factor of 4 and w.
4
Suppose 2*o - 8 = -0. Suppose 3*k + 47 = 5*h + o*k, 3*k = 6. What is the highest common factor of 153 and h?
9
Let d(o) = o**2 - 7*o - 18. Suppose 14*w - 11*w = 4*i + 54, -4*i + 44 = 4*w. Let g be d(w). Calculate the greatest common divisor of g and 140.
20
Let x = 8654 - 3334. Suppose -90*s = -70*s - x. What is the highest common factor of 14 and s?
14
Let q(l) be the third derivative of -l**5/60 + 3*l**4/8 + 49*l**3/6 - 53*l**2. Let x be q(11). Calculate the highest common divisor of 459 and x.
27
Suppose 0 = f - 2*c + 6, 2*f - c = 7*f - 25. Suppose 4*r - 9*n - 91 = -4*n, f*r + 4*n = 100. Let z = 9 - -23. What is the greatest common divisor of z and r?
8
Suppose -5*x - 2179 = 11*m - 13*m, -m + 1095 = 3*x. Calculate the highest common divisor of m and 42.
42
Let r be 370 - ((-3)/3 - 2 - -5). Let h = -308 + r. Suppose -60 = -4*g + 100. What is the highest common factor of h and g?
20
Let o be 1 + (-2 - (-2 - 34)). Let u(n) = -n**2 + 7*n + 3. Let x be u(5). Suppose -35 = 6*q - x*q. Calculate the greatest common divisor of q and o.
5
Let x be 32/(-10)*(-2600)/80. What is the highest common factor of x and 88?
8
Let r(m) = 3*m + 26. Let l be r(0). Suppose 4*d + d = -s + 52, 0 = 2*d + 3*s - l. What is the greatest common divisor of d and 10?
10
Let f(c) = -c**3 + 14*c**2 - 16*c - 27. Let h be f(11). Let y be ((-210)/56)/(((-81)/(-240))/(-9)). Calculate the greatest common factor of h and y.
20
Let p = 7374 - 7178. What is the greatest common divisor of p and 56?
28
Let w be (13/(-2) + 7)/((-2)/(-24)). Let v(k) = 163*k**2 + k. Let c be v(-1). Calculate the greatest common factor of w and c.
6
Suppose 0 = 3*i - 4*r - 523, -5*i + 4*i = 2*r - 171. Suppose a + o - 47 = 0, -4*a + 2*o = 3*o - i. What is the greatest common divisor of 35 and a?
7
Let v = -41 + 43. Let t(w) = 3*w**2 - 13*w + 23. Let k be t(v). Calculate the highest common divisor of 12 and k.
3
Let o(w) be the first derivative of 7*w**2/2 - 21*w + 12. Let x be o(11). Suppose 21*d + x = 25*d. What is the greatest common factor of d and 14?
14
Suppose -15 = 5*y, 10*i + 206 = 5*i - 2*y. Let k = 65 + i. Let d = 20 + -10. What is the greatest common divisor of d and k?
5
Let a(g) = -3*g + 24. Let w be a(8). Suppose -2*v = -j - 1222, 4 = 2*j - w. What is the highest common factor of 68 and v?
68
Let m(x) = x**2 + 5*x - 3. Let h be m(-6). Suppose -1265 + 479 = -h*a. Suppose 5*w - 38 = a. What is the greatest common divisor of 90 and w?
30
Suppose 4*s - 842 = -6*c + 4*c, 5*c - 2061 = s. Calculate the greatest common factor of 885 and c.
59
Suppose 48*a = 52*a - b - 931, 14 = -2*b. What is the highest common factor of 1281 and a?
21
Let y(f) = -3*f**2 - 14*f + 112. Let q(v) = -2*v**2 - 12*v + 113. Let h(j) = 4*q(j) - 3*y(j). Let l be h(0). Calculate the greatest common factor of 29 and l.
29
Let g be 5/(15/28) - 3/9. Suppose 4*q - 10 = -2*h, -h + q - 1 = -g. Suppose 88 - 634 = -h*f. Calculate the highest common factor of f and 6.
6
Suppose 38*s + 838 = 44*s - 590. What is the highest common factor of s and 425?
17
Suppose -5*z - 74 = -d, -4*z - 16 = -0. Let w = 24 - -138. What is the greatest common factor of d and w?
54
Let b be (-10 + 56/(-6))/(39/45 - 1). Let v be (-24)/15*(-144 + -1). Suppose -w - v = -5*w. What is the greatest common factor of w and b?
29
Let l = -44 - -76. Suppose 2*a + 4*t + t - l = 0, 0 = -2*t + 4. Let g = -185 - -240. Calculate the greatest common divisor of g and a.
11
Suppose 1390 + 2315 = 59*c - 3198. Calculate the highest common factor of c and 312.
39
Suppose -3*a - 50 = -4*t + 51, 3*a + 32 = t. Suppose 0 = 2*m - j - 139, 99 = m - j + 28. Let c = m + 93. What is the highest common divisor of t and c?
23
Suppose 10*g = 3*g + 1015. Let l = g + -130. Suppose -2*i = o - 334, 2*o = -3*i + 3*o + 491. Calculate the greatest common factor of l and i.
15
Let p be 2/(-8) + 128590/56. Calculate the highest common factor of p and 42.
14
Let s = 544 + -1246. Let q be (-88)/308 - s/7. What is the 